f w.
17, 29
Suppose -22 = -2*q + 6. Suppose i = 5*f + 2238 - 583, -4*i + 3*f + 6722 = 0. What are the prime factors of i/7 - q/(-49)?
241
Let f be (-14435 - (-4 - -10)) + -3. What are the prime factors of (f/(-138))/((-1)/(-3))?
2, 157
Suppose 80*d + 3348 = 98*d. What are the prime factors of d?
2, 3, 31
Suppose 2*b - 10303 = -5*r, -12364 + 2070 = -5*r - b. List the prime factors of r.
11, 17
Suppose 5*q + 115 = -0*m - 5*m, 5*m + 7 = -q. List the prime factors of (-12786)/(-8) - q/36.
3, 13, 41
Suppose -2*d = -5*s + 1288, d + 3*s - 6 = -628. Let r = 1350 + d. List the prime factors of r.
2, 179
Let j(g) = -4*g - 5. Suppose 0 = -0*b + 8*b - 520. Suppose -b*z + 64*z = 22. List the prime factors of j(z).
83
Let t(p) = -5*p**3 - 17*p**2 - 10*p + 19. Let u(h) = -h**3 - h**2 - 1. Let g(i) = -t(i) + 4*u(i). List the prime factors of g(-6).
13
Let o = -236 + 331. List the prime factors of 10/o + (-93)/(-19) - -26.
31
Let h(b) = b**2 + 3*b + 1. Suppose -64*z = -67*z - 12. Let d be h(z). Suppose d*s + 250 = 10*s. List the prime factors of s.
2, 5
Let y = -161 + 177. Suppose -u + 163 = l, -5*l + 807 = y*u - 13*u. What are the prime factors of l?
3, 53
Suppose -78*m = -86*m + 8. What are the prime factors of (2 - m) + 55 + 0?
2, 7
Let z = -3185 - -3191. Suppose -2*m + 3 = -m. Suppose z*d - 2*d - 138 = -2*p, -m*p + 223 = -2*d. What are the prime factors of p?
73
Let l be 10/4*(3 - (-4 + 5)). Suppose 0 = 2*s + 4*b - 32, l*b = 6*s - s - 65. List the prime factors of s.
2, 7
Suppose 0 = -9*l + 88053 - 28725. What are the prime factors of l?
2, 103
Suppose 45866 + 161867 = 43*j. What are the prime factors of j?
4831
Let v(w) = -145*w - 11. Let n be v(-2). What are the prime factors of 4 - (3 - (n - -5))?
3, 5, 19
Let l(a) = 4*a - 6*a + 3*a**2 - a**3 - 4*a + 15 - 9 - 14. Let g(t) = -t**2 + 6*t - 4. Let s be g(6). What are the prime factors of l(s)?
2
Suppose 4*t - 144244 = 5*j, -241817 = -5*t - 3*j - 61512. What are the prime factors of t?
36061
Suppose 11*r = 10*r + 3. What are the prime factors of (r/(-9))/((-6)/8388)?
2, 233
Let o be (-6)/21 - (-90)/21. Let g(q) be the second derivative of q**4/4 + 3*q**2/2 + 38*q. What are the prime factors of g(o)?
3, 17
Let r = 19795 - 10566. List the prime factors of r.
11, 839
Let c be 1133*(-1 - (-3 + 3)). Let f = -463 - c. List the prime factors of f.
2, 5, 67
Suppose 0 = -2*b - 0 + 4. Suppose -r - 5*f + 3*f = -206, -222 = -r + b*f. What are the prime factors of r?
2, 107
Suppose -2*y - 5 = -15. Suppose 5*x + 5*s = 4*s + 6048, -4*x - y*s + 4851 = 0. List the prime factors of x.
3, 13, 31
Suppose -6*q = -2087 - 373. List the prime factors of q.
2, 5, 41
Let o(f) = -903*f - 497. What are the prime factors of o(-56)?
7, 23, 311
Let j(x) be the third derivative of x**6/10 - x**5/15 + 7*x**4/24 + 22*x**2. What are the prime factors of j(3)?
3, 103
Let j(l) = -2*l**2 - 11*l - 10. Let n be j(-4). Let v be (-2)/(n - 0/(-3)). Let x(i) = -72*i**3 - 2*i**2 + i + 2. List the prime factors of x(v).
71
Let c(q) = 10*q**3 - 121*q**2 - 20*q - 42. List the prime factors of c(18).
2, 3, 3119
Suppose -2*r + 3504 = u, 12*r + 1779 = 13*r - 4*u. What are the prime factors of r?
3, 5, 13
Let p be ((-7)/14 + -2)*-2. Suppose 0 = -0*n + 3*n + g - 1388, -p*n + 2311 = 4*g. List the prime factors of n.
463
Suppose -14*b = -21909 - 41049. List the prime factors of b.
3, 1499
Let w(i) = -2*i + 11. Let h(y) = -5*y + 23. Let a(q) = -3*h(q) + 7*w(q). Let x be a(-4). Suppose -x*l + 153 = -l. What are the prime factors of l?
3, 17
Let d(w) = -2*w**2 + 9*w + 21. Let g be d(9). What are the prime factors of (g/(-35))/((-2)/(-392)*1)?
2, 3, 7
Let k(h) = -4148*h**3 + 4*h**2 - 61*h - 64. What are the prime factors of k(-1)?
3, 461
What are the prime factors of (-31639205)/(-1170) - (-1)/(-18)?
2, 3, 4507
Suppose 28*y + 11*y - 2*y = 352906. List the prime factors of y.
2, 19, 251
Suppose -5*t = -72 - 303. Let k be (t/(-125))/((-2)/330). Suppose 22 - k = -g. List the prime factors of g.
7, 11
Let m(p) = -2*p - 17*p + 15*p**2 + p**3 + 0*p**3 - 7*p + 18. List the prime factors of m(-16).
2, 89
Let z = 4055 - 2624. List the prime factors of z.
3, 53
Let p be 1437 + 7 + (-4 - 7). Suppose p = -3*u + 4097. List the prime factors of u.
2, 3, 37
What are the prime factors of (-40)/48 - 65561*(-1)/6?
2, 3, 607
Suppose d + 5*l = -4 + 7, d = 5*l + 3. Suppose 5*o + 30 = 5*a - 0*o, 5*o = -d*a + 2. Suppose -y - a*y + 4*s = -646, 2*s + 134 = y. List the prime factors of y.
2, 3, 7
What are the prime factors of 14 - (15 - 93089 - 1)?
93089
Let a be (-4)/48*-39 - 2/8. Let n(c) = -9 - 4 + a*c**2 - 3*c + c**2 - 4*c. What are the prime factors of n(-3)?
2, 11
Suppose -g = 5*k - 409, -2*k - 15*g + 10*g = -159. Suppose k = 2*y - 3*m, -2*y + 99 = -2*m + 13. List the prime factors of y.
47
What are the prime factors of (11708/12)/(-1*(-10)/30)?
2927
Let b = -8 + 30. Suppose -11*w + 8*w = -1701. Suppose 19*l = b*l - w. List the prime factors of l.
3, 7
Let i(k) = -9*k**3 - 3*k**2 + 243*k + 6. List the prime factors of i(-18).
2, 3, 3929
Suppose 0 = -r - 6*p + 11413, -4*p + 27553 = 3*r - 6686. What are the prime factors of r?
101, 113
Let n(s) = -52*s - 8. Let h = -23 - -29. Let q(p) = p**2 - 5*p - 8. Let o be q(h). List the prime factors of n(o).
2, 3
Suppose 0*i = -i + 5, -5*i = -2*j + 1031. Suppose -4*d + 16*d = j. What are the prime factors of d?
2, 11
Suppose -376 = 3*r - 337. What are the prime factors of (-102 - -98)*(r - -1 - 1)?
2, 13
Let c(j) = 265*j**2 - 64*j - 425. What are the prime factors of c(-9)?
2, 7, 193
Let b(f) be the first derivative of -13*f**2 + 30*f - 50. What are the prime factors of b(-6)?
2, 3, 31
Let d = -204 - -194. Let p(w) = -50*w - 7. List the prime factors of p(d).
17, 29
List the prime factors of 11479/5 - (1/10*58 + -6).
2, 7, 41
Let g(n) be the third derivative of -n**4/8 + 31*n**3/6 + n**2 + 18. Let i be 1 + -3 - (-3 - -1). What are the prime factors of g(i)?
31
Suppose -21*g = -15*g - 5382. Let k = -539 + g. List the prime factors of k.
2, 179
List the prime factors of 14/77 - 265559/(-77).
3449
Let m(s) = s**2 - 10*s + 14. Let c be m(7). Let g(u) = 0*u**2 - u**3 + u**2 - 4*u**2 + 16 + 11*u - 2*u**2. What are the prime factors of g(c)?
37
Suppose 15*k = 12*k. Let q be (27/45)/(k + (-3)/(-15)). Suppose -q*h + 234 + 216 = 0. List the prime factors of h.
2, 3, 5
Let l(a) = 125 + 126 + 118 - 2*a - 3*a - 365 + 14*a**3. Let d be (5/(-3) - -2)*6. List the prime factors of l(d).
2, 53
What are the prime factors of (2/3 - 112/(-210)) + 282672/65?
2, 3, 5, 29
Let x(q) = -3*q**3 - 4*q**2 - 51*q + 14. List the prime factors of x(-18).
2, 4283
Suppose 0 = -4*s - 2*f - 238 + 11702, -5*f + 5724 = 2*s. What are the prime factors of s?
47, 61
Suppose -774134 = 177*y - 223*y. List the prime factors of y.
16829
Let i(r) = -3*r**3 - 4*r**2 - 17*r + 323. What are the prime factors of i(-27)?
5, 11383
Suppose -103*p + 1353931 + 440623 = -9*p. List the prime factors of p.
17, 1123
Suppose 8 = -3*a + 4*a. Let n(b) = b + 5 + 2 + b**2 + 1. List the prime factors of n(a).
2, 5
Suppose 0 = -4*v + v + b + 23137, 5*v - 2*b = 38560. List the prime factors of v.
2, 7, 19, 29
Suppose 1103127 = 58*m + 7*m + 6*m. What are the prime factors of m?
3, 5179
Let f(y) = -2*y**2 - 37*y - 16. Let x be f(-18). Suppose 2*a = -x*a + a. Suppose -9*z - 5*g + 975 = -4*z, z - g - 185 = a. What are the prime factors of z?
2, 5, 19
Suppose 0 = -2*q - 5 + 51. Let g = q + -12. Let p(w) = -w**3 + 10*w**2 + 12*w + 4. List the prime factors of p(g).
3, 5
Suppose -233 = 12*m - 437. Suppose -23*x - m*x + 51200 = 0. List the prime factors of x.
2, 5
Let y(f) = 3*f + 5. Let w be y(-2). Let c = 3 - w. List the prime factors of (c/1 + 11)*3.
3, 5
Let x(b) = 25*b**3 + 3*b**2 + 7*b - 53. List the prime factors of x(8).
5, 23, 113
Suppose 2*p + 84 = 9*p. Suppose 0 = -3*j - p*j + 2475. What are the prime factors of j?
3, 5, 11
Suppose o - 2*o - 11 = -4*v, -18 = -2*o - 2*v. Suppose 156 = o*d + 2*f, -d + 4*d - 78 = 4*f. Suppose 25*x - d*x = -565. List the prime factors of x.
113
Suppose -4*d + 3*d - 3 = 0. Let j be -1 - d - 1 - -5. Suppose 28 = o + 5*s, s = 5*o - j - 4. What are the prime factors of o?
3
Let l(d) = 8*d**3 - 6*d + 7. Suppose -r - b - 2 = -3, -r = -5*b - 7. Let j be l(r). Suppose -61*p + j*p + 8